 = -3*v. What is the greatest common factor of u and w?
17
Let y(c) = 14*c**2 - c + 2. Let m be y(1). Calculate the highest common divisor of 10 and m.
5
Suppose 5*w = -5*p + 35, 5*p - w - 28 = w. Suppose 2*l - 4*j - 104 = -8*j, 59 = l - 5*j. Calculate the greatest common divisor of l and p.
6
Let z(x) = -3*x - 1. Let w be z(-5). Let o = w - 9. Suppose 70 = y - o*b, 5*y - 158 = 3*b + 214. Calculate the greatest common factor of y and 15.
15
Suppose -4*w = -j + 28, w - 5*w - 64 = -4*j. Let v be ((-4)/3)/(5/(-45)). What is the highest common factor of j and v?
12
Let p be -3 + 107 - (-2 + -2). Let o be -7 + (-1 - -4) + p. Suppose 13 = -u + 2*u. Calculate the greatest common divisor of o and u.
13
Let c be 2696/18 - (-2)/9. What is the greatest common divisor of 60 and c?
30
Let w = -4 - -8. Suppose 0 = -3*y, 540 = w*g - 0*g + 3*y. Calculate the highest common divisor of 15 and g.
15
Suppose -2*w = -1 - 15. Suppose n - 2 = 0, -4*r + 4 = -3*r + 2*n. Suppose r = 4*v - 9 - 7. What is the highest common divisor of v and w?
4
Suppose -4*w + 264 = -0*w - 4*n, 4*w = 2*n + 270. Let y = -36 + w. Calculate the greatest common factor of y and 3.
3
Suppose 10*z = 6*z + 72. Calculate the highest common divisor of z and 27.
9
Let z(x) = -6*x**3 - 2*x**2 - 3*x - 1. Suppose -r - 56 = 5*g, -4*r + 1 = -5*r. Let t = 9 + g. Let c be z(t). What is the greatest common divisor of 5 and c?
5
Suppose -4*y + 7 = -17. Let l(n) = y*n**2 - 2 + 3 + n**3 + 3 + 0 - n. Let c be l(-6). What is the highest common factor of c and 90?
10
Let j(s) = -s**3 + 6*s**2 + 9*s - 9. Let h = 1 - -6. Let y be j(h). Calculate the greatest common factor of 55 and y.
5
Let m(g) = 0*g**2 - 2*g**2 + 7*g + g**2 - 1. Let p be m(7). Let b be p/(-4) + 39/4. Calculate the greatest common factor of b and 10.
10
Let f = 41 + -27. What is the greatest common factor of f and 7?
7
Suppose -3*c = -6*c + 6. What is the highest common factor of 1 and c?
1
Let c = -1 - -1. Let x be (c + -13)*-1 + 2. Calculate the highest common factor of 45 and x.
15
Let o = 162 - 122. Calculate the greatest common divisor of o and 80.
40
Suppose 16 - 1 = 5*l. What is the greatest common divisor of l and 21?
3
Suppose 4*w + 24 - 4 = 0. Let z(x) = x**2 + 3*x + 2. Let m be z(w). Suppose 5*d - 3 = -3*r, 3*d + 27 = 5*r - m. What is the highest common factor of 9 and r?
3
Let f be 5*(-4)/(-10)*3. Let v be f/3*1*6. Calculate the highest common factor of 18 and v.
6
Suppose 0 = 5*t, 2*p - 4*t = -p + 90. Calculate the highest common divisor of 6 and p.
6
Suppose 21*c = 24*c - 144. Suppose -n - n + 12 = 0. Calculate the greatest common factor of c and n.
6
Suppose -l + 35 = -5*n + n, 2*l - 110 = -2*n. What is the highest common factor of 34 and l?
17
Let p(u) = -u**2 - 12*u + 4. Suppose 0 = -5*y - 3*d - 69, 0 = -5*d - 3 - 12. Let a be p(y). Calculate the greatest common divisor of a and 20.
4
Let j = 28 + -40. Let y be 119/3 + j/(-36). What is the highest common divisor of 16 and y?
8
Let o = 1 - -6. Let q be 1*(1 - 3) + o. Calculate the greatest common divisor of q and 15.
5
Let s(o) = 16*o - 3. Suppose l + 4*c = 15, l - 4*c = -3*l. Let i be s(l). Suppose t = -4*t + i. What is the highest common factor of 45 and t?
9
Suppose 0 = -4*z + p + 8, 6*z - z = -3*p + 10. What is the highest common factor of 6 and z?
2
Let f = 152 - 88. Calculate the highest common divisor of 8 and f.
8
Let v = 18 + -13. Calculate the greatest common factor of v and 55.
5
Let c be (-1)/(-2)*(11 + 19). Calculate the highest common divisor of 30 and c.
15
Let o(i) = -3 - 8 + 2*i - 11 + 6. Let u be o(11). Calculate the highest common divisor of 6 and u.
6
Let q = 19 + 52. Let x = q + 54. Calculate the greatest common factor of 25 and x.
25
Let j be (8/6)/((-2)/(-3)). Suppose -3*o - j*o + 90 = 0. Let n be (2/(-4))/((-2)/24). Calculate the greatest common factor of o and n.
6
Suppose 0 = 5*d - 3*d - 432. Suppose 2*n - d = -n. Let y(l) = 23*l**2 + l. Let m be y(1). What is the greatest common divisor of n and m?
24
Let h be -4 - (40/(-4) + 4). Let u = h + 5. Calculate the highest common factor of u and 49.
7
Suppose 3*v = v - 136. Let c be (-6)/(-27) + v/(-18). Let s be 1/(-3)*(-7 + c). Calculate the highest common factor of 1 and s.
1
Let w = -127 - -260. Suppose 0 = -2*z + 8, 5*u - z = 2*z + w. Let c = u + -13. Calculate the highest common divisor of c and 8.
8
Let d(w) = w**3 + 6*w**2 + 5*w - 3. Let k be d(-4). Let i be 3/k + (-35)/(-21). Let r = 16 - 10. Calculate the highest common divisor of r and i.
2
Suppose -2*o = -3*q - 0 - 8, 2*o = q. Let v = q + 4. Suppose z + 4 - 5 = v, g - 2*z = 1. What is the greatest common divisor of 24 and g?
3
Let m = 380 + -257. Let b = 174 - m. Let k = 71 - b. Calculate the greatest common divisor of k and 4.
4
Let d be -4 + (-472)/(-12) - 4/(-6). What is the greatest common factor of 24 and d?
12
Let d(v) = 78*v + 1. Let i be d(1). Suppose -4*o = -0*o - 3*p + i, -4*o + 4*p - 84 = 0. Let m = -2 - o. What is the highest common factor of m and 14?
14
Suppose 0 = -17*n + 22*n - 15. What is the highest common divisor of 2 and n?
1
Let z(v) = v**2 + 8*v + 11. Let d be z(-8). Let a = -7 + d. Suppose 2*x + 12 = 2*t + t, 5*t - 5*x - 15 = 0. What is the highest common divisor of t and a?
2
Suppose 42 = 2*h - 3*c, h = 6*h - c - 118. Suppose 5*q - 15 = -0*q. Calculate the greatest common factor of q and h.
3
Let a be -12*1/(-2)*4. Let j(z) = -z**3 - 5*z**2 - 5*z + 2. Let n be j(-4). What is the greatest common divisor of a and n?
6
Suppose 0 = -2*a - g + 127, -a - 3*g + 46 = -20. Calculate the greatest common factor of a and 18.
9
Suppose 36 + 69 = 2*w + 5*o, w - 5*o = 75. What is the greatest common divisor of 30 and w?
30
Suppose x = -2*u + 2, x - 2*u = -4*x + 34. Suppose x*s - 2*s + 196 = 5*f, -f + 5*s = -56. What is the highest common divisor of 9 and f?
9
Let b(a) = -a**3 + 8*a**2 - 13*a + 3. Let y be b(5). Let u(n) = 4*n**3 - n**2 - 4*n + 4. Let d be u(3). What is the greatest common divisor of d and y?
13
Let r(o) = -o**3 + 7*o**2 - 12*o + 11. Let l be r(5). Calculate the highest common divisor of 1 and l.
1
Let x(f) = -f + 8. Let v be x(6). Let h be -1 + v - (-3 + 0). Calculate the greatest common factor of h and 28.
4
Let s be 276/27 + (-6)/27. Calculate the highest common factor of s and 5.
5
Suppose 3*f = 5*t - 130 + 46, 0 = -3*f - 9. Let z be 3/t - (-658)/10. What is the highest common factor of 6 and z?
6
Let w be (-4)/(-2) - (-9 + 1). Calculate the greatest common factor of 4 and w.
2
Suppose n + 6 = -4*t, 3*n - 2*t + 0*t = 10. Suppose 0 = b - 2*b + 22. What is the highest common divisor of b and n?
2
Suppose -3*g + 5*f + 20 = 0, -3*f = -6*g + g + 12. Let m(l) = g*l + 10 - l + 2*l. Let c be m(-9). What is the greatest common factor of 5 and c?
1
Let q be (-4 - -5)*(-1 - 4). Let u = q - -15. Calculate the greatest common divisor of u and 4.
2
Let p(x) = 76*x**2 - x. Let r be p(1). Suppose 0 = m - 4*m + 2*b + 7, -10 = -4*m + 2*b. Suppose 12 = d - m. Calculate the greatest common divisor of r and d.
15
Let j = -71 + 201. What is the highest common factor of 26 and j?
26
Let m(u) = -30*u. Let p be m(-4). What is the greatest common divisor of p and 15?
15
Suppose -5*g + a + 5 = 0, 2*a + 3*a - 17 = 4*g. Suppose g*z - 8 - 52 = 0. What is the greatest common divisor of 120 and z?
30
Let j be 47 + -5 - (3 + -1). Suppose 0*p = 5*p - j. Calculate the greatest common divisor of p and 64.
8
Let z = 1 - 2. Let u(m) = -10*m**3 - 3*m - m + m**2 - 1 - m + 4*m. Let b be u(z). Calculate the highest common divisor of 33 and b.
11
Suppose -2*k = -2*d - 62, -28*k + 3*d = -26*k - 66. Calculate the highest common factor of k and 3.
3
Let p(j) = j**3 + 9*j**2 + 5. Let a be p(-4). Suppose 30 + 4 = 2*z. What is the greatest common divisor of a and z?
17
Let q(x) = -6*x - 2. Let y be q(-2). Let b = y + 4. Calculate the greatest common divisor of 2 and b.
2
Let a(y) = -y**3 + 8*y**2 - 9*y + 3. Let f be a(6). Calculate the highest common factor of f and 21.
21
Let u = -42 - -78. Suppose -5*p + 159 = 3*w, 3*w = 2*p - 15 - u. Let d(a) = 2*a + 2. Let n be d(2). Calculate the highest common factor of p and n.
6
Let i(l) = -5*l - 17. Let s be i(-6). What is the highest common divisor of s and 65?
13
Suppose 78 = -7*n + 1079. Calculate the highest common fa